{"id":72,"date":"2019-01-07T20:07:57","date_gmt":"2019-01-07T19:07:57","guid":{"rendered":"https:\/\/radca-jwyr.nazwa.pl\/wordpress\/wpn_radca-jwyr\/?page_id=72"},"modified":"2019-03-18T18:35:52","modified_gmt":"2019-03-18T17:35:52","slug":"dla-osob-fizycznych","status":"publish","type":"page","link":"https:\/\/radca.opole.pl\/index.php\/dla-osob-fizycznych\/","title":{"rendered":"Klienci indywidualni"},"content":{"rendered":"\n<div class=\"wp-block-image\"><figure class=\"aligncenter is-resized\"><img loading=\"lazy\" decoding=\"async\" src=\"https:\/\/radca-jwyr.nazwa.pl\/wordpress\/wpn_radca-jwyr\/wp-content\/uploads\/2019\/01\/rawpixel-633841-unsplash-1024x683.jpg\" alt=\"\" class=\"wp-image-126\" width=\"512\" height=\"342\" srcset=\"https:\/\/radca.opole.pl\/wp-content\/uploads\/2019\/01\/rawpixel-633841-unsplash-1024x683.jpg 1024w, https:\/\/radca.opole.pl\/wp-content\/uploads\/2019\/01\/rawpixel-633841-unsplash-300x200.jpg 300w, https:\/\/radca.opole.pl\/wp-content\/uploads\/2019\/01\/rawpixel-633841-unsplash-768x512.jpg 768w\" sizes=\"auto, (max-width: 512px) 100vw, 512px\" \/><\/figure><\/div>\n\n\n\n<p class=\"has-text-color has-drop-cap has-medium-font-size has-very-dark-gray-color\">Kancelaria ze szczeg\u00f3ln\u0105 uwag\u0105\npodchodzi do obs\u0142ugi ka\u017cdego klienta indywidualnego. \u015awiadczymy pomoc w\nuzyskaniu odszkodowania i zado\u015b\u0107uczynienia z tytu\u0142u uszkodzenia cia\u0142a, utraty\nzdrowia lub \u015bmierci osoby bliskiej, prowadzimy post\u0119powania dotycz\u0105ce roszcze\u0144\npacjent\u00f3w wzgl\u0119dem jednostek opieki zdrowotnej powsta\u0142ych wskutek b\u0142\u0119d\u00f3w\nmedycznych lekarzy oraz pozosta\u0142ego personelu medycznego. <\/p>\n\n\n\n<p class=\"has-medium-font-size\"><strong>Wygrali\u015bmy ju\u017c ponad 100 spraw oraz uzyskali\u015bmy wyp\u0142at\u0119 zado\u015b\u0107uczynienia i odszkodowania dla naszych klient\u00f3w w setkach tysi\u0119cy z\u0142otych.<\/strong><\/p>\n","protected":false},"excerpt":{"rendered":"<p>Kancelaria ze szczeg\u00f3ln\u0105 uwag\u0105 podchodzi do obs\u0142ugi ka\u017cdego klienta indywidualnego. \u015awiadczymy pomoc w uzyskaniu odszkodowania i zado\u015b\u0107uczynienia z tytu\u0142u uszkodzenia [&hellip;]<\/p>\n","protected":false},"author":1,"featured_media":0,"parent":0,"menu_order":0,"comment_status":"closed","ping_status":"closed","template":"","meta":{"footnotes":""},"class_list":["post-72","page","type-page","status-publish","hentry"],"_links":{"self":[{"href":"https:\/\/radca.opole.pl\/index.php\/wp-json\/wp\/v2\/pages\/72","targetHints":{"allow":["GET"]}}],"collection":[{"href":"https:\/\/radca.opole.pl\/index.php\/wp-json\/wp\/v2\/pages"}],"about":[{"href":"https:\/\/radca.opole.pl\/index.php\/wp-json\/wp\/v2\/types\/page"}],"author":[{"embeddable":true,"href":"https:\/\/radca.opole.pl\/index.php\/wp-json\/wp\/v2\/users\/1"}],"replies":[{"embeddable":true,"href":"https:\/\/radca.opole.pl\/index.php\/wp-json\/wp\/v2\/comments?post=72"}],"version-history":[{"count":10,"href":"https:\/\/radca.opole.pl\/index.php\/wp-json\/wp\/v2\/pages\/72\/revisions"}],"predecessor-version":[{"id":743,"href":"https:\/\/radca.opole.pl\/index.php\/wp-json\/wp\/v2\/pages\/72\/revisions\/743"}],"wp:attachment":[{"href":"https:\/\/radca.opole.pl\/index.php\/wp-json\/wp\/v2\/media?parent=72"}],"curies":[{"name":"wp","href":"https:\/\/api.w.org\/{rel}","templated":true}]}}